emainder when 3076258 is divided by 474.
472
Calculate the remainder when 67772 is divided by 1174.
854
What is the remainder when 139290 is divided by 4434?
1836
Calculate the remainder when 4660 is divided by 374.
172
What is the remainder when 79418955 is divided by 29?
19
Calculate the remainder when 30638 is divided by 30173.
465
Calculate the remainder when 680977 is divided by 672.
241
What is the remainder when 4556644 is divided by 2589?
4
What is the remainder when 7090 is divided by 884?
18
What is the remainder when 5682256 is divided by 1420553?
44
Calculate the remainder when 2340252 is divided by 231.
222
Calculate the remainder when 90594548 is divided by 44562.
2
Calculate the remainder when 1508857 is divided by 185.
182
What is the remainder when 224192 is divided by 44834?
22
Calculate the remainder when 115843492 is divided by 654483.
1
Calculate the remainder when 579734 is divided by 4913.
0
Calculate the remainder when 711148 is divided by 355387.
374
Calculate the remainder when 21436 is divided by 7641.
6154
Calculate the remainder when 18046082 is divided by 18798.
2
Calculate the remainder when 917277 is divided by 91726.
17
Calculate the remainder when 26007479 is divided by 1035.
1034
Calculate the remainder when 80256 is divided by 6152.
280
What is the remainder when 67527068 is divided by 2664?
2660
What is the remainder when 42945 is divided by 13819?
1488
Calculate the remainder when 38545 is divided by 384.
145
What is the remainder when 359355 is divided by 335?
235
Calculate the remainder when 91363 is divided by 16281.
9958
What is the remainder when 173469 is divided by 27852?
6357
What is the remainder when 31745639 is divided by 967?
963
Calculate the remainder when 220819 is divided by 1780.
99
Calculate the remainder when 24231152 is divided by 2202831.
11
What is the remainder when 370792 is divided by 1324?
72
What is the remainder when 152877 is divided by 76144?
589
What is the remainder when 31344760 is divided by 208?
200
Calculate the remainder when 1107363 is divided by 203.
201
Calculate the remainder when 1100956 is divided by 90.
76
What is the remainder when 18585 is divided by 3083?
87
Calculate the remainder when 3143513 is divided by 908.
17
What is the remainder when 681740 is divided by 499?
106
What is the remainder when 48685062 is divided by 48?
6
What is the remainder when 11222550 is divided by 1603221?
3
Calculate the remainder when 163231 is divided by 81589.
53
What is the remainder when 113705 is divided by 113066?
639
Calculate the remainder when 73324484 is divided by 74140.
24
What is the remainder when 99500626 is divided by 9025?
1
Calculate the remainder when 15485944 is divided by 251.
248
What is the remainder when 25617 is divided by 25532?
85
What is the remainder when 16894329 is divided by 1299562?
23
Calculate the remainder when 16733221 is divided by 16733192.
29
What is the remainder when 3343076 is divided by 11371?
2
Calculate the remainder when 559908 is divided by 7178.
24
What is the remainder when 35956400 is divided by 87?
83
What is the remainder when 82827 is divided by 27557?
156
What is the remainder when 3149227 is divided by 349912?
19
Calculate the remainder when 7031287 is divided by 878843.
543
What is the remainder when 1017297 is divided by 508622?
53
Calculate the remainder when 680602 is divided by 14.
6
Calculate the remainder when 413500 is divided by 1767.
22
What is the remainder when 7537555 is divided by 1469?
116
What is the remainder when 486505 is divided by 117?
19
Calculate the remainder when 631708 is divided by 1690.
1338
What is the remainder when 58043053 is divided by 19347672?
37
Calculate the remainder when 79643287 is divided by 106.
81
Calculate the remainder when 3183428 is divided by 1060986.
470
Calculate the remainder when 105101 is divided by 9506.
535
Calculate the remainder when 14175101 is divided by 381.
377
Calculate the remainder when 1756037 is divided by 9146.
5
Calculate the remainder when 7139 is divided by 37.
35
Calculate the remainder when 342284 is divided by 21381.
188
What is the remainder when 2476818 is divided by 825538?
204
Calculate the remainder when 446492 is divided by 1511.
747
What is the remainder when 133524 is divided by 738?
684
Calculate the remainder when 19423767 is divided by 190429.
9
Calculate the remainder when 24768328 is divided by 11.
2
Calculate the remainder when 63554 is divided by 1228.
926
What is the remainder when 3639672 is divided by 3135?
3072
Calculate the remainder when 3567416 is divided by 2046.
1238
What is the remainder when 14035887 is divided by 80666?
3
What is the remainder when 3027586 is divided by 52?
42
What is the remainder when 199553 is divided by 3741?
1280
What is the remainder when 227900 is divided by 11789?
3909
Calculate the remainder when 137467 is divided by 1038.
451
What is the remainder when 218915513 is divided by 160?
153
What is the remainder when 86273160 is divided by 21477?
51
What is the remainder when 35062784 is divided by 8765690?
24
What is the remainder when 456510 is divided by 26261?
10073
What is the remainder when 1300647 is divided by 65030?
47
Calculate the remainder when 1160667 is divided by 580302.
63
What is the remainder when 41610 is divided by 20740?
130
What is the remainder when 8351421 is divided by 57596?
1
Calculate the remainder when 1620261 is divided by 419.
407
What is the remainder when 229171417 is divided by 91?
20
What is the remainder when 72840 is divided by 32146?
8548
Calculate the remainder when 3205235 is divided by 2698.
11
Calculate the remainder when 6174455 is divided by 40.
15
What is the remainder when 98567072 is divided by 5?
2
Calculate the remainder when 79683633 is divided by 17255.
43
Calculate the remainder when 25090 is divided by 4367.
3255
What is the remainder when 1942888 is divided by 970?
948
Calculate the remainder when 2728565 is divided by 22738.
5
Calculate the remainder when 50973529 is divided by 5.
4
What is the remainder when 668718 is divided by 9?
0
Calculate the remainder when 145766 is divided by 78.
62
What is the remainder when 751770 is divided by 554?
546
What is the remainder when 11075096 is divided by 11845?
21
Calculate the remainder when 30972 is divided by 893.
610
What is the remainder when 25151817 is divided by 776?
105
What is the remainder when 161016 is divided by 1940?
1936
What is the remainder when 35265528 is divided by 173?
170
What is the remainder when 12979 is divided by 2581?
74
What is the remainder when 138852 is divided by 9750?
2352
Calculate the remainder when 101471739 is divided by 1126.
1123
Calculate the remainder when 11111 is divided by 3528.
527
What is the remainder when 141801 is divided by 141787?
14
Calculate the remainder when 89604599 is divided by 40.
39
What is the remainder when 133415 is divided by 763?
653
Calculate the remainder when 261447 is divided by 203.
186
What is the remainder when 241242348 is divided by 26?
22
What is the remainder when 58518039 is divided by 356817?
51
Calculate the remainder when 184445 is divided by 4709.
794
Calculate the remainder when 1873351 is divided by 144096.
103
Calculate the remainder when 866321 is divided by 30940.
1
What is the remainder when 6612944 is divided by 772?
764
Calculate the remainder when 4526772 is divided by 361.
193
Calculate the remainder when 9745295 is divided by 812092.
191
What is the remainder when 11844477 is divided by 10?
7
Calculate the remainder when 67401 is divided by 2174.
7
What is the remainder when 84833 is divided by 42008?
817
What is the remainder when 36209447 is divided by 1179?
1178
What is the remainder when 180874004 is divided by 3107?
3106
What is the remainder when 30118024 is divided by 6385?
6364
What is the remainder when 2989736 is divided by 996577?
5
What is the remainder when 56765 is divided by 18860?
185
Calculate the remainder when 1476629 is divided by 64.
21
Calculate the remainder when 13857 is divided by 13594.
263
What is the remainder when 25568 is divided by 4775?
1693
What is the remainder when 11811781 is divided by 309?
256
What is the remainder when 6074 is divided by 5678?
396
Calculate the remainder when